{"id":27,"date":"2025-04-09T14:00:03","date_gmt":"2025-04-09T14:00:03","guid":{"rendered":"https:\/\/boogie-hebel.eu\/?page_id=27"},"modified":"2025-07-29T14:41:45","modified_gmt":"2025-07-29T14:41:45","slug":"gestalte-deine-website-mit-bloecken","status":"publish","type":"page","link":"https:\/\/boogie-hebel.eu\/","title":{"rendered":"W I L L K O M M E N"},"content":{"rendered":"\n<h2 class=\"wp-block-heading has-text-align-left\">Boogie Hebel &#8211; Architekt und K\u00fcnstler<\/h2>\n\n\n\n<hr class=\"wp-block-separator has-alpha-channel-opacity is-style-wide\"\/>\n\n\n\n<hr class=\"wp-block-separator has-alpha-channel-opacity\"\/>\n\n\n\n<figure class=\"wp-block-image size-full\"><img loading=\"lazy\" decoding=\"async\" width=\"828\" height=\"875\" src=\"https:\/\/boogie-hebel.eu\/wp-content\/uploads\/2025\/05\/Boogie.jpg\" alt=\"\" class=\"wp-image-303\" srcset=\"https:\/\/boogie-hebel.eu\/wp-content\/uploads\/2025\/05\/Boogie.jpg 828w, https:\/\/boogie-hebel.eu\/wp-content\/uploads\/2025\/05\/Boogie-284x300.jpg 284w, https:\/\/boogie-hebel.eu\/wp-content\/uploads\/2025\/05\/Boogie-768x812.jpg 768w\" sizes=\"auto, (max-width: 767px) 89vw, (max-width: 1000px) 54vw, (max-width: 1071px) 543px, 580px\" \/><\/figure>\n\n\n\n<hr class=\"wp-block-separator has-alpha-channel-opacity\"\/>\n\n\n\n<hr class=\"wp-block-separator has-alpha-channel-opacity is-style-wide\"\/>\n\n\n\n<hr class=\"wp-block-separator has-alpha-channel-opacity\"\/>\n\n\n\n<h2 class=\"wp-block-heading has-text-align-left has-text-color has-link-color wp-elements-7872990efb491fac1f4e7cda50b02af1\" style=\"color:#7d7d7d\">ART &#8211; Loft &#8211; Eupen \/ Life &#8211; Work &#8211; Space<\/h2>\n\n\n\n<figure data-wp-context=\"{&quot;imageId&quot;:&quot;69e20c7ba2303&quot;}\" data-wp-interactive=\"core\/image\" data-wp-key=\"69e20c7ba2303\" class=\"wp-block-image size-large wp-lightbox-container\"><img loading=\"lazy\" decoding=\"async\" width=\"1024\" height=\"446\" data-wp-class--hide=\"state.isContentHidden\" data-wp-class--show=\"state.isContentVisible\" data-wp-init=\"callbacks.setButtonStyles\" data-wp-on--click=\"actions.showLightbox\" data-wp-on--load=\"callbacks.setButtonStyles\" data-wp-on-window--resize=\"callbacks.setButtonStyles\" src=\"https:\/\/boogie-hebel.eu\/wp-content\/uploads\/2025\/05\/Willkommen-1024x446.jpg\" alt=\"\" class=\"wp-image-304\" srcset=\"https:\/\/boogie-hebel.eu\/wp-content\/uploads\/2025\/05\/Willkommen-1024x446.jpg 1024w, https:\/\/boogie-hebel.eu\/wp-content\/uploads\/2025\/05\/Willkommen-300x131.jpg 300w, https:\/\/boogie-hebel.eu\/wp-content\/uploads\/2025\/05\/Willkommen-768x335.jpg 768w, https:\/\/boogie-hebel.eu\/wp-content\/uploads\/2025\/05\/Willkommen-1536x669.jpg 1536w, https:\/\/boogie-hebel.eu\/wp-content\/uploads\/2025\/05\/Willkommen.jpg 1600w\" sizes=\"auto, (max-width: 767px) 89vw, (max-width: 1000px) 54vw, (max-width: 1071px) 543px, 580px\" \/><button\n\t\t\tclass=\"lightbox-trigger\"\n\t\t\ttype=\"button\"\n\t\t\taria-haspopup=\"dialog\"\n\t\t\taria-label=\"Vergr\u00f6\u00dfern\"\n\t\t\tdata-wp-init=\"callbacks.initTriggerButton\"\n\t\t\tdata-wp-on--click=\"actions.showLightbox\"\n\t\t\tdata-wp-style--right=\"state.imageButtonRight\"\n\t\t\tdata-wp-style--top=\"state.imageButtonTop\"\n\t\t>\n\t\t\t<svg xmlns=\"http:\/\/www.w3.org\/2000\/svg\" width=\"12\" height=\"12\" fill=\"none\" viewBox=\"0 0 12 12\">\n\t\t\t\t<path fill=\"#fff\" d=\"M2 0a2 2 0 0 0-2 2v2h1.5V2a.5.5 0 0 1 .5-.5h2V0H2Zm2 10.5H2a.5.5 0 0 1-.5-.5V8H0v2a2 2 0 0 0 2 2h2v-1.5ZM8 12v-1.5h2a.5.5 0 0 0 .5-.5V8H12v2a2 2 0 0 1-2 2H8Zm2-12a2 2 0 0 1 2 2v2h-1.5V2a.5.5 0 0 0-.5-.5H8V0h2Z\" \/>\n\t\t\t<\/svg>\n\t\t<\/button><\/figure>\n\n\n\n<hr class=\"wp-block-separator has-alpha-channel-opacity\"\/>\n\n\n\n<hr class=\"wp-block-separator has-alpha-channel-opacity is-style-wide\"\/>\n\n\n\n<hr class=\"wp-block-separator has-alpha-channel-opacity\"\/>\n\n\n\n<figure class=\"wp-block-image size-large\"><img loading=\"lazy\" decoding=\"async\" width=\"1024\" height=\"1024\" src=\"https:\/\/boogie-hebel.eu\/wp-content\/uploads\/2025\/07\/willk-1024x1024.jpg\" alt=\"\" class=\"wp-image-944\" srcset=\"https:\/\/boogie-hebel.eu\/wp-content\/uploads\/2025\/07\/willk-1024x1024.jpg 1024w, https:\/\/boogie-hebel.eu\/wp-content\/uploads\/2025\/07\/willk-300x300.jpg 300w, https:\/\/boogie-hebel.eu\/wp-content\/uploads\/2025\/07\/willk-150x150.jpg 150w, https:\/\/boogie-hebel.eu\/wp-content\/uploads\/2025\/07\/willk-768x768.jpg 768w, https:\/\/boogie-hebel.eu\/wp-content\/uploads\/2025\/07\/willk-100x100.jpg 100w, https:\/\/boogie-hebel.eu\/wp-content\/uploads\/2025\/07\/willk.jpg 1110w\" sizes=\"auto, (max-width: 767px) 89vw, (max-width: 1000px) 54vw, (max-width: 1071px) 543px, 580px\" \/><\/figure>\n\n\n\n<hr class=\"wp-block-separator has-alpha-channel-opacity\"\/>\n\n\n\n<hr class=\"wp-block-separator has-alpha-channel-opacity is-style-wide\"\/>\n\n\n\n<hr class=\"wp-block-separator has-alpha-channel-opacity\"\/>\n\n\n\n<h2 class=\"wp-block-heading\">Monochrome Kunst mit Fokus auf Form, Fl\u00e4che und Kontrast.<\/h2>\n\n\n\n<p>Die Reduktion auf Schwarz und Wei\u00df er\u00f6ffnet neue Perspektiven auf Komposition und Ausdruck. Jedes Werk ist ein Spiel aus Abstraktion, Struktur und Rhythmus.<\/p>\n\n\n\n<figure class=\"wp-block-image size-full\"><img loading=\"lazy\" decoding=\"async\" width=\"1036\" height=\"1037\" src=\"https:\/\/boogie-hebel.eu\/wp-content\/uploads\/2025\/07\/1.jpg\" alt=\"\" class=\"wp-image-949\" srcset=\"https:\/\/boogie-hebel.eu\/wp-content\/uploads\/2025\/07\/1.jpg 1036w, https:\/\/boogie-hebel.eu\/wp-content\/uploads\/2025\/07\/1-300x300.jpg 300w, https:\/\/boogie-hebel.eu\/wp-content\/uploads\/2025\/07\/1-1024x1024.jpg 1024w, https:\/\/boogie-hebel.eu\/wp-content\/uploads\/2025\/07\/1-150x150.jpg 150w, https:\/\/boogie-hebel.eu\/wp-content\/uploads\/2025\/07\/1-768x769.jpg 768w, https:\/\/boogie-hebel.eu\/wp-content\/uploads\/2025\/07\/1-100x100.jpg 100w\" sizes=\"auto, (max-width: 767px) 89vw, (max-width: 1000px) 54vw, (max-width: 1071px) 543px, 580px\" \/><\/figure>\n\n\n\n<hr class=\"wp-block-separator has-alpha-channel-opacity\"\/>\n\n\n\n<hr class=\"wp-block-separator has-alpha-channel-opacity is-style-wide\"\/>\n\n\n\n<p>(c) 2025 Boogie Hebel<\/p>\n\n\n\n<p><\/p>\n","protected":false},"excerpt":{"rendered":"<p>Boogie Hebel &#8211; Architekt und K\u00fcnstler ART &#8211; Loft &#8211; Eupen \/ Life &#8211; Work &#8211; Space Monochrome Kunst mit Fokus auf Form, Fl\u00e4che und Kontrast. Die Reduktion auf Schwarz und Wei\u00df er\u00f6ffnet neue Perspektiven auf Komposition und Ausdruck. Jedes Werk ist ein Spiel aus Abstraktion, Struktur und Rhythmus. (c) 2025 Boogie Hebel<\/p>\n","protected":false},"author":1,"featured_media":0,"parent":0,"menu_order":0,"comment_status":"closed","ping_status":"closed","template":"","meta":{"footnotes":""},"class_list":["post-27","page","type-page","status-publish","hentry"],"_links":{"self":[{"href":"https:\/\/boogie-hebel.eu\/index.php?rest_route=\/wp\/v2\/pages\/27","targetHints":{"allow":["GET"]}}],"collection":[{"href":"https:\/\/boogie-hebel.eu\/index.php?rest_route=\/wp\/v2\/pages"}],"about":[{"href":"https:\/\/boogie-hebel.eu\/index.php?rest_route=\/wp\/v2\/types\/page"}],"author":[{"embeddable":true,"href":"https:\/\/boogie-hebel.eu\/index.php?rest_route=\/wp\/v2\/users\/1"}],"replies":[{"embeddable":true,"href":"https:\/\/boogie-hebel.eu\/index.php?rest_route=%2Fwp%2Fv2%2Fcomments&post=27"}],"version-history":[{"count":43,"href":"https:\/\/boogie-hebel.eu\/index.php?rest_route=\/wp\/v2\/pages\/27\/revisions"}],"predecessor-version":[{"id":1085,"href":"https:\/\/boogie-hebel.eu\/index.php?rest_route=\/wp\/v2\/pages\/27\/revisions\/1085"}],"wp:attachment":[{"href":"https:\/\/boogie-hebel.eu\/index.php?rest_route=%2Fwp%2Fv2%2Fmedia&parent=27"}],"curies":[{"name":"wp","href":"https:\/\/api.w.org\/{rel}","templated":true}]}}